et o be ((-4)/(-6))/(((-80)/100)/(42/5)). Let c(b) = 3*b**2 + 7*b + 3 - 1 - 2*b**2. What is c(o)?
2
Let w(x) = 4*x**2 + 1. Let a = -18 - -21. Let q(m) = m**2 - m + 1. Let d(l) = a*q(l) - w(l). Suppose j - 6 = -2*j. What is d(j)?
-8
Let w = -2 - -3. Let q = -43 - -57. Let s(n) = 0*n**2 - 112*n + 2*n**2 + 110*n + q*n**3 + 1. Determine s(w).
15
Let u(x) = x**3 + 7*x**2 - x + 3. Let y(t) = 22*t + 312. Let j be y(-14). Let c be j + 492/(-44) + (-8)/(-44). What is u(c)?
10
Let c(t) = -34*t - 339. Suppose d = -60 + 51, -2*d = -2*p - 2. What is c(p)?
1
Let q(w) be the first derivative of -5*w**3/3 + 3*w**2/2 - 3*w + 144. Let f be q(1). Let j(x) = -2*x - 8. Give j(f).
2
Let v(s) = -s**2 + 2*s + 5. Let c(u) = -2*u**2 + 5*u + 9. Let w(a) = 3*c(a) - 5*v(a). Suppose -50*q + 39*q + 517 = 0. Suppose 0 = 48*r - q*r - 8. Give w(r).
-22
Let a(x) = -3*x**2 - 10*x + 6. Let h(m) = 2*m**2 + 5*m - 3. Let j(k) = -4*a(k) - 7*h(k). Let z = -32482 + 32485. Calculate j(z).
-6
Let s(a) = -41*a**3 + 3*a**2 - 3*a + 1. Suppose -4*h + 3*g = -4, 12*h - 10*h + g = 2. Calculate s(h).
-40
Let i(s) be the second derivative of -s**4/12 + s**3/2 + s**2 + 3317*s. Determine i(3).
2
Suppose -20 = -v - 14. Let g(o) = -5*o**3 - 14*o**2 + o + 4. Let b(s) = s**3 + s**2 + s. Let j(u) = 6*b(u) + g(u). Calculate j(v).
-26
Let w(r) = -r**2 - 112*r - 928. Let j be w(-9). Let s(g) = 34*g**3 + 2*g**2 + 2*g + 1. What is s(j)?
-33
Let q = -52 + 53. Let f be (2 - 1/q)/((-16)/(-176)). Let x(a) = a**3 - 12*a**2 + 10*a + 8. Give x(f).
-3
Let v(b) = -b**3 + 7*b**2 + 7*b + 7. Let n = 23 + -12. Suppose 0 = n*t - t + 220. Let w = t + 30. Calculate v(w).
-1
Let l(k) be the second derivative of -98*k**3/3 + 392*k**2 - k - 2609. Calculate l(4).
0
Suppose -4*q = -0*q - 8. Let p(f) be the first derivative of -f**3/3 + f**2/2 - 32*f + 21. Let o(t) be the first derivative of p(t). Give o(q).
-3
Let o(g) = g**3 + 7*g**2 + 6*g - 5. Let n(w) = 6*w - 57. Let b(m) = m - 2. Let y(k) = 3*b(k) - n(k). Suppose 3*f - 63 = -6. Let s be y(f). What is o(s)?
-5
Let m(c) = 29*c - c**2 - 2459 + 4919 - 2406 - c**2 + 3*c**2. Calculate m(-27).
0
Let l(d) = 2*d**3 + 3*d**2 + 2*d + 1. Let v(u) = u**2 + u - 8. Let g(n) = -8*n**3 + 6*n**2 + n - 2. Let f be g(1). Let k be v(f). Determine l(k).
-7
Let o = 1 + -2. Let p be 8 + (-8)/(-8)*-14. Let x(j) = 14*j - 74. Let l(w) = 5*w - 26. Let y(n) = p*x(n) + 17*l(n). What is y(o)?
1
Let g(y) = -y**2 + 4*y + 4. Let i = -2255 - -2260. Determine g(i).
-1
Let c = 24 + -18. Let r(o) = 20*o**2 + 22*o**2 + 1 - 40*o**2 - c*o. What is r(4)?
9
Let w be 3 - (0 + -12)/(-1). Let l(i) = -i**3 - 4*i**2 + 17*i - 1. Let c(x) = 3*x**3 + 13*x**2 - 49*x + 2. Let r(t) = 4*c(t) + 11*l(t). Give r(w).
-3
Let c = 0 + -3. Let o = -6 - c. Let l(u) = -7*u - 20*u + 0*u + 1 + 0*u + 23*u. Give l(o).
13
Let s = -7478 + 7479. Let n(d) = -2*d**2 - 1 - d**2 + 6*d**2. What is n(s)?
2
Let a be (-21)/2*4/(-7). Suppose -x + a = 7, 3*w - 8 = -4*x. Let y(t) = -t**2 + 5*t - 3. Calculate y(w).
1
Let l(y) = -y**3 - y**2 + 6*y + 1. Suppose -49*z = -68*z + 12768. Let b = z - 676. Determine l(b).
25
Let u(q) = -2*q**2 - 21*q + 12. Let y(a) = -a**3 - a**2 - 113*a + 228. Let k be y(2). Give u(k).
22
Let j(l) be the second derivative of -l**4/12 + 2*l**3 - 18*l**2 - 778*l. What is j(3)?
-9
Let h(p) = -2*p**2 - 8*p + 2. Let q be h(-4). Suppose 0 = -0*z + q*z - 6. Let b(c) = c**2 + 16*c**z - 27*c**3 + 12*c**3 + c + 2. What is b(0)?
2
Let m(x) = -3*x**2 - 4*x + 1. Let v(f) = -2*f**2 - 3*f + 2. Let h(j) = -j**3 + 6*j**2 - 6*j + 2. Let i be h(5). Let g(o) = i*m(o) + 4*v(o). Give g(-4).
21
Let j be (-4)/(-2)*(70 - 2059/29). Let p(h) = h. Let s(c) = -2. Let i(t) = 3*p(t) + s(t). Calculate i(j).
-8
Let x(a) = 47*a - 524. Let n be x(11). Let j(f) = -2*f**3 - 14*f**2 + 3*f + 24. Calculate j(n).
3
Suppose c - 5 = 2*p, 0 = -p + 37*c - 36*c - 2. Let j(x) be the second derivative of x**3/6 - x**2 - 15*x. Determine j(p).
-5
Let v(b) = -6*b + 21. Let k(z) = -z + 8. Let c(g) = 4*k(g) - v(g). Let o = -9 + 1. What is c(o)?
-5
Let u(g) = 3*g**3 - 4*g**2 + 2*g + 97. Let j(b) = -8*b**3 + 11*b**2 - 6*b - 286. Let w(y) = -4*j(y) - 11*u(y). Calculate w(0).
77
Let f(b) = b + 1. Let k be -7 + ((-810)/10)/(-9). Suppose 161 - 59 = 3*y. Suppose -k*u - 2 = -i, 3*u + u + y = -3*i. Calculate f(i).
-5
Let s(r) = -16971 + 19*r + 16922 - 17*r. Give s(23).
-3
Let g(k) = k - 74. Let p = 24628 + -24605. What is g(p)?
-51
Let p(h) = 62 + 56 + 344631*h - 344618*h. Determine p(-11).
-25
Let d(i) = i - 5. Let k(s) = -s**2 - 8*s - 16. Let a be k(-8). Let t = a + 18. Suppose p + t*h = 5*h - 8, -2*p - 4*h + 34 = 0. Determine d(p).
2
Let r(a) = -a**2 + 8*a - 79. Let b(h) = -h - 5. Let g(w) = 3*b(w) - r(w). Give g(15).
124
Let j = -2 + 14. Let o = j - 23. Let l(g) = -g - 15. Let a be l(o). Let x(q) = -2*q**2 - 7*q - 4. What is x(a)?
-8
Let z = 308 + -243. Let s(n) = -z*n**2 + 3*n + 63*n**2 + 1 + 11*n. Determine s(7).
1
Let s(a) = -7*a + 4. Let g(b) = 2*b**3 + 124*b**2 + 122*b - 4. Let r be g(-61). Calculate s(r).
32
Suppose 18 = 6*o - 0. Suppose -o = -5*a - 0*m - m, 3*m = 9. Let x(n) = 0 + 2 + 7 + 8*n - 9*n. What is x(a)?
9
Let d(k) = -3*k - k**2 + 32 - 13 - 3*k - 16. Suppose 0 = -5*q + 2*p + 2, q - p + 18 = 4*p. Suppose q = 2*t, 2*m + t + 4 + 5 = 0. Give d(m).
8
Let s(g) be the second derivative of g**4/8 + 5*g**3/6 + 87*g**2/2 + 74*g. Let q(u) be the first derivative of s(u). What is q(-6)?
-13
Suppose 11 = 4*b + 3*y, -2*b + 9 = 3*b - y. Let g(h) = -h - 5. Let o(a) = -2*a - 4 - 3 - 1 + 3. Let v(n) = b*g(n) - 3*o(n). What is v(-4)?
-11
Let y be 8/(-4)*(-2696)/16. Suppose a + 334 - y = 0. Let m(p) = -3*p + 12. Give m(a).
3
Suppose -10*h = -6*h - 8. Let k(o) = -o**3 + 4 + 100*o**2 - 52*o**h - 46*o**2 + o. Determine k(3).
-2
Let u(c) = -41*c**2 - 375*c + 99. Let o(m) = 54*m**2 + 500*m - 131. Let a(s) = 10*o(s) + 13*u(s). Calculate a(-18).
-5
Suppose -9*i = 5*r - 77, 0 = -r - 29*i + 26*i + 19. Let k(g) = 2*g - 41. What is k(r)?
-21
Let h(p) = p + 270 + 276 - 559. What is h(-3)?
-16
Let i(r) be the first derivative of -r**4/4 - r**3 - r**2/2 + r + 6875. Let m be -4 - ((-1 - 1) + 1). What is i(m)?
4
Let j(d) = -5*d + 703. Let g(n) = n - 103. Let q(v) = -6*g(v) - j(v). Give q(0).
-85
Let l(t) be the third derivative of -t**4/6 - 23*t**3/6 + 206*t**2. Let q be l(-5). Let p(w) = 2*w + 2. Give p(q).
-4
Let s(z) = -z**3 + 8*z**2 + 9*z + 8. Let r(a) = -3*a**2 - 48*a - 171. Let k be r(-10). Calculate s(k).
8
Let o(u) = u**2 - 9*u + 7. Let b(i) = 1. Let y(g) = 7*g - 38. Let h(c) = -3*b(c) + y(c). Let t be h(7). Determine o(t).
-1
Let b(y) be the second derivative of y**3/3 + 3*y**2/2 + y. Let v(f) = 4*f**3 + 6*f**2 - 26*f - 48. Let k be v(-2). Calculate b(k).
-5
Let s(v) = -10*v + 33. Let c(l) = -l**3 + 2*l**2 - 4*l + 10. Let g be c(2). Let m(y) = -3*y + 10. Let h(k) = g*s(k) - 7*m(k). What is h(8)?
4
Suppose 6*x - 4*x - m + 11 = 0, -3*x + 4*m - 29 = 0. Let p(v) = 2*v**3 + v**2 - 15*v - 7. Let h be p(x). Let y(n) = -n**3 - 7*n**2 - 6*n - 3. Determine y(h).
39
Let r be 10/4 + 4/(-8). Let y(m) be the third derivative of -1/24*m**4 + 1/3*m**3 + 1/60*m**5 + 0 + 9*m**2 + 0*m. Determine y(r).
4
Let m = -19 - 49. Let o = m + 73. Let i(k) = -350*k**3 + 3*k - 6 + k**2 - o*k - 7*k**2 + 349*k**3. Determine i(-6).
6
Let q = 57 - 70. Let a(n) be the second derivative of -n**5/20 - 13*n**4/12 - n**3/6 - 4*n**2 + 46*n - 1. What is a(q)?
5
Suppose 125 + 22 = 21*z. Suppose -z*t = -2*t + 2*s + 25, 5*t - 3*s = 0. Let d(l) = -l**2 - 3*l - 5. Calculate d(t).
-5
Let w(i) = i**3 - 3*i**2 - 12*i + 4. Suppose -167 = q - 4*x - 164, 4*q - 22 = -x. Determine w(q).
-6
Let g(z) = z**2 - 30*z + 180. Let d be g(22). Suppose -4*y - y = -t + 18, 3*y - 26 = -d*t. Let x(b) = -b**3 + 9*b**2 - 9*b + 8. Determine x(t).
0
Let i(y) = -3*y + 10. Suppose -4*r + 0*r - 332 = 0. Let h = r + 95. Suppose -3*c - w + h = -c, -2*c + 24 = -5*w. Determine i(c).
-11
Let z(c) be the first derivative of c**3/3 - 4*c**2 - 3*c + 44. Let d be z(9). Suppose 0*w = -d*w - 30. Let l(r) = r**2 + 6*r + 1. Determine l(w).
-4
Suppose 0*j = -10*j - 60. Let a be -3 - 0/(7/(21/j)). Let y(g) = -g**2 + 2. Calculate y(a).
-7
Let s be (-2)/(-3) + -7 + 154/21. Let u(i) = 11*i - 7. Let h(n) = -22*n + 15. Let w(q) = 6*h(q) + 13*u(q). Calculate w(s).
10
Let n(j) = j - 16. L